s 2a613 + 5632?
32c45
In base 2, what is 100100110010100100 - 100011011111?
100100001111000101
In base 15, what is 5 - -1ed4b30?
1ed4b35
In base 4, what is -123 + 1131003322?
1131003133
In base 14, what is -5a96 - 1ca?
-5c82
In base 10, what is -4696575 + 138?
-4696437
In base 3, what is 100121011 - -100022020?
200220101
In base 11, what is 13593a + -140?
1357aa
In base 2, what is 100000100110011 + -10000110010100100?
-1100101101110001
In base 4, what is 1202210131221 + -1?
1202210131220
In base 2, what is -1000101110 + 1011111000100001?
1011101111110011
In base 14, what is -2701b8 + -5?
-2701bd
In base 10, what is -3251951 - -2?
-3251949
In base 4, what is -21231 - 2210033?
-2231330
In base 15, what is -14 + 328928?
328914
In base 10, what is 8 + 230170?
230178
In base 16, what is 71fc + 12c?
7328
In base 10, what is -9195 - -5314?
-3881
In base 3, what is -11 - -202111222212220?
202111222212202
In base 14, what is -10 - 96a87?
-96a97
In base 13, what is 7a994b + 6?
7a9954
In base 12, what is -854260 + -15?
-854275
In base 13, what is -3cb19c + c2?
-3cb0aa
In base 11, what is 179507 - 39?
179479
In base 6, what is 3104 - 55005?
-51501
In base 16, what is 172 + f94ea?
f965c
In base 2, what is -11 + 101001011000000011110010?
101001011000000011101111
In base 5, what is -10110411 + -40?
-10111001
In base 5, what is -30202 - -14404?
-10243
In base 14, what is 0 + -59943c?
-59943c
In base 4, what is 31122310033220 - -1?
31122310033221
In base 14, what is 4 - a0800?
-a07da
In base 11, what is 0 - -4707a163?
4707a163
In base 16, what is -8383d8 + -5?
-8383dd
In base 9, what is -688 - 1024154?
-1024853
In base 2, what is -10100000111 - 1000010001100011?
-1000100101101010
In base 8, what is -21330322 + -30?
-21330352
In base 13, what is c61 + 2723?
3684
In base 11, what is 2218306 + 69?
2218374
In base 12, what is 14 + a4b71?
a4b85
In base 6, what is -3 - -1550321255?
1550321252
In base 9, what is -1083861 + -3?
-1083864
In base 8, what is -5033 - 23551?
-30604
In base 16, what is -215 + -1d9b9?
-1dbce
In base 12, what is -1728 + -735b?
-8a87
In base 14, what is -b0b + 1b63?
1056
In base 8, what is -1054 - 542403?
-543457
In base 10, what is -1312338 - 2?
-1312340
In base 7, what is 50 - 20006102?
-20006022
In base 3, what is 21020101022 + 20122?
21020121221
In base 14, what is -2c160 - c?
-2c16c
In base 6, what is 213 + -111515110?
-111514453
In base 15, what is -1d88a - -1705?
-1c185
In base 6, what is -30512 + 132352?
101440
In base 9, what is -1068565 + 25?
-1068540
In base 4, what is 12 + -1212230123122?
-1212230123110
In base 3, what is 11211220 - -1022110200?
1111022120
In base 11, what is -3 - 10008735?
-10008738
In base 5, what is -100 + 2232021?
2231421
In base 16, what is 11398bc + 14?
11398d0
In base 9, what is 1654 - 783774?
-782120
In base 11, what is 1a - 1144?
-1125
In base 16, what is 3 + 88a012b?
88a012e
In base 6, what is -20551343 + -24?
-20551411
In base 5, what is -111413 - 301101?
-413014
In base 10, what is -31 + 814615?
814584
In base 14, what is 1 - -d29bda?
d29bdb
In base 4, what is 2 - -21122111230013?
21122111230021
In base 15, what is 3 - -3adc23?
3adc26
In base 14, what is -4c0 + 26675?
26195
In base 14, what is -4b - c5b44?
-c5b91
In base 11, what is -18290 - 10032?
-28312
In base 11, what is -61337482 - -2?
-61337480
In base 12, what is 3a21 + -7aa89?
-77068
In base 3, what is 121 - 110000211011?
-110000210120
In base 2, what is -1010101001101 + -10000000110000?
-11010101111101
In base 15, what is 5754 - 9b87?
-4433
In base 16, what is 1 + 61f9fa?
61f9fb
In base 4, what is 12 + -30022320102?
-30022320030
In base 2, what is -11001010000 - -110011011011011101?
110011000010001101
In base 14, what is d72d9 - -10?
d7309
In base 15, what is -17 + 12611b?
126104
In base 13, what is -8b10 + 918?
-81c5
In base 14, what is 50 + 42c457?
42c4a7
In base 8, what is -24 - 1412732?
-1412756
In base 16, what is -56bbd + 3?
-56bba
In base 6, what is -111434 - -42321?
-25113
In base 2, what is -110000000010010010100110 + -10?
-110000000010010010101000
In base 7, what is -2402135306 + -4?
-2402135313
In base 5, what is -220123 - -4421023?
4200400
In base 12, what is 1956 - -5a9?
2343
In base 14, what is cdc860 + 21?
cdc881
In base 11, what is -46a917 + 4?
-46a913
In base 5, what is 112311121 - -104?
112311230
In base 8, what is 455061542 - 1?
455061541
In base 5, what is -220 - -1421201043?
1421200323
In base 16, what is 0 + -4722bc?
-4722bc
In base 13, what is 1a8 + -75c57?
-75a7c
In base 10, what is -96 - -253408?
253312
In base 7, what is 2 + -1423542251?
-1423542246
In base 15, what is 18754 - -183?
188d7
In base 3, what is 210020211222112 + -10?
210020211222102
In base 13, what is -136863c - 4?
-1368643
In base 16, what is -2fa9 + -2f5?
-329e
In base 14, what is 957a - -212?
978c
In base 5, what is -204 - -24131104?
24130400
In base 7, what is 5 + 2415323250?
2415323255
In base 2, what is -111011101100 - 111010001001110?
-1000001100111010
In base 16, what is 3 + -2bce05b?
-2bce058
In base 8, what is 16171 - 70160?
-51767
In base 2, what is -101 - 11010100000100001101000110000?
-11010100000100001101000110101
In base 11, what is -55535 - -12a?
-55406
In base 15, what is 8 - -3ae7?
3b00
In base 5, what is -22104 - 21322?
-43431
In base 12, what is -54a + -32204?
-32752
In base 14, what is -7123aa - -7?
-7123a3
In base 12, what is -58378a6 - 37?
-5837921
In base 3, what is 22101022 - 211020?
21120002
In base 11, what is -1030 + 30a579?
309549
In base 3, what is -10 - 1020220002112221?
-1020220002120001
In base 12, what is -4501 + -a52b3?
-a97b4
In base 13, what is 58 + -2a94?
-2a39
In base 9, what is 11058 + 8783?
20852
In base 12, what is -2312 + -3974?
-6086
In base 15, what is -64d + 374?
-2c9
In base 15, what is e0 + 2d479?
2d569
In base 3, what is 21022101 - -12112002?
110211110
In base 9, what is -5817880 - -2?
-5817877
In base 6, what is 2141124454 + -5?
2141124445
In base 11, what is 4974686 + 5?
4974690
In base 6, what is -233115 - 155?
-233314
In base 3, what is 10001 + 1212021102?
1212101110
In base 10, what is 1550 - -10082?
11632
In base 12, what is 2a924a86 + 5?
2a924a8b
In base 10, what is -10849650 + 4?
-10849646
In base 16, what is 1b + 74bb8?
74bd3
In base 12, what is 174a6 - -302?
177a8
In base 3, what is 2122020101110011 - 11?
2122020101110000
In base 8, what is 2622 - -465273?
470115
In base 12, what is 10156b4 + -16?
101569a
In base 4, what is -3 + -23031130313?
-23031130322
In base 8, what is -431700 - 716?
-432616
In base 3, what is -2200 - -120010000020?
120002220120
In base 16, what is 6534e - -1d6?
65524
In base 12, what is 2b6145 - 2a?
2b6117
In base 12, what is -5 + 27b246?
27b241
In base 16, what is 65 + -3a9?
-344
In base 11, what is 3 - 110a2528?
-110a2525
In base 3, what is 210 + -1010002000222?
-1010002000012
In base 8, what is -1 + -262334340?
-262334341
In base 7, what is 103440 + 1030?
104500
In base 16, what is -5 + 3bc0de?
3bc0d9
In base 8, what is -236456 + 2021?
-234435
In base 14, what is -18 + -41da10?
-41da28
In base 10, what is 1 - -2179479?
2179480
In base 6, what is -5 - 2154305331?
-2154305340
In base 13, what is 1110 - 29c6b?
-28b5b
In base 16, what is 4 - c1d99?
-c1d95
In base 16, what is 286e22c3 + -2?
286e22c1
In base 3, what is 12220220100211 + 11?
12220220100222
In base 4, what is -1313 + -121011?
-122330
In base 11, what is -3912 - -339?
-3584
In base 3, what is 101122221211021 - 112?
101122221210202
In base 11, what is 4178 + -7166?
-2a99
In base 4, what is -101213 - -20322210?
20220331
In base 7, what is 3 + -362536264?
-362536261
In base 6, what is -24 - -4045225552?
4045225524
In base 8, what is -1116 + 4611?
3473
In base 13, what is -79c1a8 + 1b6?
-79bcc2
In base 11, what is 600a + -362?
5758
In base 3, what is -2000002122 + -110210?
-2000120102
In base 16, what is b8b4f67 + 2?
b8b4f69
In base 7, what is 6154 - -2634516?
2644003
In base 2, what is 110 + 110001111010100000110?
110001111010100001100
In base 2, what is 1101 + 1011000100110010?
1011000100111111
In base 6, what is 5 + 10121345?
10121354
In base 16, what is 11c + -3d25a?
-3d13e
In base 13, what is 91b6 + -602?
88b4
In base 4, what is -2003123012330 + -10?
-2003123013000
In base 7, what is 31552154 - 14?
31552140
I